 2*v - 4*a - 319 - 3661 = 0, 20 = 5*a. What is the tens digit of v?
9
Let x(g) = -2*g**3 + 3*g**2 + 8*g + 7. Let v be (-6)/(-10) + (-126)/35. What is the units digit of x(v)?
4
Suppose 70 = 3*k + 5*t, -5*k + t + 96 = -t. Suppose u - 5*u = -k. Suppose -5*z + 3*s = -362, u*s = 2*z + 4*s - 144. What is the units digit of z?
0
What is the thousands digit of (39*51/221)/(3/3820)?
1
Suppose 8*u - 45 = -7*u. Suppose -2*b - n + 2063 = 0, 18*b - u*n - 1049 = 17*b. What is the hundreds digit of b?
0
What is the thousands digit of -9 - ((-30 - 0)/10 + -5869)?
5
Suppose -3*c = -0*c - 1356. Let z = -169 + c. Suppose -3*s + 9 = 0, 4*b + b - 4*s = z. What is the units digit of b?
9
Let t(p) = 4*p + 4. Let q be t(0). Let b be 0/(1/(q/8)). Suppose 5*a + 2*f + f - 1170 = b, -5*f = -a + 262. What is the units digit of a?
7
Let h(t) = -1453*t - 6863. What is the hundreds digit of h(-14)?
4
Let k be (-16)/(-28) - (18/(-42) - -2). Let c(g) = -442*g - 6. What is the tens digit of c(k)?
3
Let d(m) = m**3 - 17*m**2 - 2*m + 21. Let k be d(17). What is the tens digit of 982/(k/((-39)/6))?
9
Let t(r) = r**3 - 2*r**2 - 2*r - 1. Let z be t(3). Suppose 5 - 13 = -z*j. Suppose -26 = -5*y + j*l, 4*l + 18 = 3*y + l. What is the units digit of y?
2
Let c(y) = 479*y**2 - 24*y - 23. Let o be c(-1). What is the thousands digit of 6*(-12)/(-27)*o?
1
Let i(d) = d**3 + 39*d**2 - 209*d + 21. Let q be i(6). Let x be (-2236)/10 - (-2)/(-5). Let v = q + x. What is the tens digit of v?
6
Suppose 3*p - 36 = 5*y, -p + 4*p = -y + 36. Let z(x) = 13*x + 42. What is the tens digit of z(p)?
9
Suppose -52 = 5*f - 27. What is the hundreds digit of f + -2 + 837 - -3?
8
Let o = -53648 + 104175. What is the tens digit of o?
2
Let d(a) = 8*a - 76. Let y be d(8). What is the units digit of 11 + 84/y - (-823 + -1)?
8
What is the tens digit of (28*453 - 11) + 4*35/(-28)?
6
Let l be (-14)/2*(36/42)/3. What is the hundreds digit of 1 - (7032/(-48))/((-1)/l)?
2
Let p = -679 - -7422. What is the tens digit of p?
4
Let o(b) = b + 34. Let y be o(-25). Suppose y*j = -4*j + 4069. What is the tens digit of j?
1
Let n be 4/(-18) - (4 + (-1952)/36). What is the tens digit of ((-1)/((-6)/n))/(280/9240)?
7
Let f be 42564/54 + 6/(-27). Suppose -f = -10*d + 9*d + 3*r, -r + 2384 = 3*d. What is the hundreds digit of d?
7
What is the ten thousands digit of (-9 + 17695 - -18) + 18?
1
Let d = 44852 + -25165. What is the hundreds digit of d?
6
Let m(i) = 2*i**2 + 3*i. Let v be m(-2). Let s = 216 - 102. Suppose -v*a - 2*a + 18 = o, s = 4*o - 5*a. What is the tens digit of o?
2
Suppose 3*o + 4004 = -8*o. What is the units digit of o/(-6)*(9/6)/1?
1
What is the units digit of 410/60 + ((-20)/24 - -1) + 9840?
7
Suppose -i = x + 70, i - 26 = 3*x - 104. Let t be (-21)/147 - i/14. Let u(b) = 17*b + 19. What is the units digit of u(t)?
4
What is the units digit of (-2)/(-12) - ((-3957290)/(-60))/(-43)?
4
Let y = 12937 + 11701. What is the ten thousands digit of y?
2
What is the units digit of (16508/(-6) + 0)/(17 - 2015/117)?
1
Let i = 648 - 652. What is the tens digit of -2 - (-8 + -1265 + i)?
7
Suppose -4*c = -c - 57. Let b = c - -4. Suppose -19*j + b*j = 24. What is the units digit of j?
6
Suppose 0 = -36*q + 104442 + 34392 + 113346. What is the units digit of q?
5
Suppose 0*o = -3*m + o + 184, 0 = -5*m - 5*o + 280. Let j = m - 49. Suppose -5*f = -j*f + 348. What is the units digit of f?
8
Suppose -m = 4*l - 12341, -3*m + 5*l - 36995 = -6*m. Suppose 143*t - m = 126*t. What is the tens digit of t?
2
Suppose i + 8*w - 24 = 6*w, -i - 4*w = -32. What is the units digit of ((-408)/(-85))/((i/(-70))/(-4))?
4
Suppose 8*s - 8 = 0, c = -28*s + 29*s + 19876. What is the tens digit of c?
7
Suppose 0 = 5*m + 2*m. Suppose m = 5*u + 5, -4*a - 1 = -3*u - 28. Suppose 0 = a*r - 232 - 212. What is the units digit of r?
4
Suppose -5*m + 48 = -3*y, -3*m + m = -4*y - 78. Let z = 70 - y. What is the units digit of z?
1
Let y(a) = 88*a**2 + 469*a + 148. What is the thousands digit of y(20)?
4
Let l = 1646 + -931. Suppose 1288 = -3*z + 4*n, 2*z - 6*n + 9*n = -870. Let i = l + z. What is the units digit of i?
3
Suppose -96*c = -103*c + 2590. Let p = c - 175. What is the units digit of p?
5
Let y(l) = -16. Let v(f) = -2*f - 33. Let d(c) = 4*v(c) - 9*y(c). What is the units digit of d(1)?
4
Suppose 7*j + 28*j = 851480. What is the ten thousands digit of j?
2
Let j(l) = 59*l**3 - 26*l**2 + l + 64. What is the units digit of j(7)?
4
Suppose -17*r = -157508 - 750530. What is the tens digit of r?
1
Suppose 0 = 3*v + 169 - 31. Let i = v - -44. What is the units digit of 39/i*(-80)/30?
2
Let n(p) = 27*p + 135. Let s be n(-5). Suppose -7*i + 26*i - 7410 = s. What is the hundreds digit of i?
3
Let j be (6/(24/7828))/(3/(-33)). What is the hundreds digit of (-9)/(-15) - j/55?
3
What is the tens digit of 1 + 17825 + (-5)/40*-72?
3
Suppose 23*x = 37145 + 108974. What is the tens digit of x?
5
Let n = -38 + 39. Let f(v) = -43*v**3 - 2*v**2 - v + 2. Let u be f(n). Let b = 44 - u. What is the units digit of b?
8
Suppose 4*n - 2*h = -3801 + 19867, 4*n = 3*h + 16065. What is the units digit of n?
7
Let r(b) = b**3 + 18*b**2 + 5*b - 100. Suppose 0 = 444*t - 440*t + 52. What is the units digit of r(t)?
0
Let l(i) = 3*i - 5. Let m be l(4). Suppose 0 = m*u - 127 - 48. Suppose -22 = -26*z + u*z. What is the units digit of z?
2
Let u(c) = -320*c - 2866. What is the tens digit of u(-42)?
7
Let a = 399 + -393. Suppose 10*x - 3128 = a*x. What is the hundreds digit of x?
7
Suppose 7*g + 56 = 9*g. What is the tens digit of -6*(-2031)/24 - (-7)/g?
0
Suppose 8*f - 3*f - 5*t = 15225, 4*f + 5*t = 12198. Let w = -1507 + f. What is the units digit of w?
0
Let i = 367 - 367. Suppose i = 17*r - 1478 - 69. What is the units digit of r?
1
Let c = 1265 + 3879. Suppose -23*x + c + 12520 = 0. What is the hundreds digit of x?
7
Let m(l) = 160*l**3 + 21*l**2 - 43*l - 66. What is the tens digit of m(6)?
9
Let m(s) = 2*s**2 - 3*s - 2. Let u be m(2). Suppose -2*y - 332 = -2*f, 0 = 3*f - u*f - y - 494. Let k = f - 94. What is the units digit of k?
0
Let v = 8082 - -6407. What is the tens digit of v?
8
What is the hundreds digit of (-7 - -2 - -178)/(2 - (2 - 1))?
1
Let p be -5*3 + 14/(-7). Let u be (-9)/(-15) - p/5 - -4. What is the units digit of (u/10)/((-2)/(-15))?
6
Suppose 0 = 4*o + 39 - 55. Suppose -2*u + 884 = -21*y + 16*y, -o*y + 16 = 0. What is the units digit of u?
2
Let x = -412 - -419. Let u(k) = 3*k + 9*k - 18 + 5*k**2 - 19*k. What is the tens digit of u(x)?
7
Suppose -18 + 466 = 7*g. Let y be ((-1)/(0 + -2))/(g/(-86912)). What is the tens digit of ((-6)/(-3))/((-7)/(y/2))?
9
Let j = -5255 + 6427. What is the tens digit of j?
7
Suppose 124*t - 71*t = 65*t - 178056. What is the thousands digit of t?
4
Let j(y) = -y**3 + 8*y**2 + y - 5. Let h(c) = -4*c + 4. Let z be h(-1). Let m be j(z). Suppose -5*a - m*a = -80. What is the tens digit of a?
1
Suppose 1123*a - 12348 = 1119*a. What is the thousands digit of a?
3
Let x = -53 + 56. Let f(d) = 38*d**2 + 12*d - 17. What is the tens digit of f(x)?
6
Suppose -8*r = -3*r. Suppose r = f - 3*f + 4*c + 16, 0 = -f - 5*c - 20. Suppose k - 5*t - 34 = f, 0*k - 2*k - 3*t + 16 = 0. What is the tens digit of k?
1
Let y = -29 + 29. What is the units digit of 2 - (286 + y)*-2?
4
Suppose 17320 = 3*g - s, -4*g - 3*s = 9121 - 32210. What is the tens digit of g?
7
Suppose -16207 = 12*g + 8585. What is the tens digit of (g/14)/(6/(-42))?
3
Suppose -4*q - 12 = -8*q. Let r(g) = -g**3 + 2*g**2 + 6*g - 4. Let o be r(q). Suppose -4*x - 8 = 0, 3*x - 856 = -4*k + o*x. What is the tens digit of k?
1
Let s(j) = 2*j**2 + 122*j - 79. What is the hundreds digit of s(18)?
7
Let r(o) = 404*o**2 + 7. Let c(q) = -403*q**2 - 6. Let w(l) = -5*c(l) - 4*r(l). What is the units digit of w(1)?
1
Let n = -36 - -38. Suppose 0 = n*l - 97 - 55. What is the tens digit of l?
7
Suppose -7 = -m + 1. Let l(z) = -7*z + 9*z**2 - m*z**2 - 8 + 0. What is the tens digit of l(-4)?
3
Suppose -5*k = -3*a + 205, -10*k + 12*k + 83 = a. Let c = 105 - k. What is the units digit of c?
9
Let b(l) = -30*l - 33. Let s(p) = -119*p - 134. Let u(a) = -9*b(a) + 2*s(a). What is the tens digit of u(12)?
1
Suppose 18*u + 3702 = 10686. Let z = u - 176. What is the units digit of z?
2
Let o(i) = 3*i**3 - 57*i**2 - 40